 -24 + 4 = -4*p, -29 = -2*r + 5*p. Calculate the remainder when a(7) is divided by r.
19
Let h = 1871 + -1792. What is the remainder when 147 is divided by h?
68
Let f = -42522 - -42530. What is the remainder when 2178 is divided by f?
2
Let v = 30 + -15. Let c = -173 + 175. Let s(n) = 6*n**2 + 4*n + 2. Calculate the remainder when s(c) is divided by v.
4
Let l = 42 - 48. Let f(g) = 12*g**2 - 42. Let c(x) = 10*x**2 - x - 43. Let z(o) = 5*c(o) - 4*f(o). Calculate the remainder when 273 is divided by z(l).
53
Let o(x) = 6*x + 10 + 0*x**3 + 12*x**2 - 1 - x**3. Let q = 2172 + -2160. What is the remainder when o(q) is divided by 42?
39
Let c be (3/2 - 2)*(16 - 16). Suppose -6*f - 72 + 594 = c. Calculate the remainder when 168 is divided by f.
81
Let b = -123 - -133. Let x = -31 - -14. What is the remainder when (118/4)/(x/(-34)) is divided by b?
9
Suppose -78*o + 2800 + 3802 = 2468. Calculate the remainder when o is divided by -1 + 18 + 1 + 0.
17
Suppose -2*o - 12 = 4*c - 6*c, 4*c + o - 19 = 0. Suppose -2*t + 12 = -0*t + 4*m, c*t - m = -14. What is the remainder when 38 is divided by 12 + 1 + (-5 - t)?
8
Suppose -13*q + 11*q - 1280 = 0. Let d = -381 - q. Calculate the remainder when d is divided by 29.
27
Let v = 4325 - 4167. What is the remainder when 5684 is divided by v?
154
Let x = -25 - -23. Let y be x/(2*1) + 48/(-48). Calculate the remainder when 56 is divided by ((1/y)/1)/((-50)/1900).
18
Suppose 4788 = -113*c + 127*c. What is the remainder when c is divided by 7?
6
Let y(x) = -4*x**2 + 97*x + 17. Calculate the remainder when y(15) is divided by 92.
20
Suppose -12*x + 1079 = -253. Let y = -4 - -20. What is the remainder when x is divided by y?
15
Let z = -311 + 321. Calculate the remainder when 59 is divided by -3 + 16 + (z - 7).
11
Let q(d) = -7*d + 51. Suppose 3*b - 5*m - 131 = 0, -2*b - m + 109 = 26. Calculate the remainder when b is divided by q(6).
6
Let o = -33 + 53. Let y(h) = -h**2 + 23*h + 155. What is the remainder when y(27) is divided by o?
7
Suppose -4*q - 249 = -253. Calculate the remainder when 65 is divided by 518/(-37)*(2*-1 + q).
9
Suppose -4747 = 4*l + 5*o, -7773 = 11*l + 4*o + 5252. Let g = 1223 + l. Let s(u) = u**2 - 4*u - 3. What is the remainder when g is divided by s(-2)?
4
Let c = 4115 + -3367. What is the remainder when c is divided by 4/(-5) + (-1895)/(-25)?
73
Suppose -4*a + 30 = -5*w, 4*w = 10 - 2. Suppose -134*i - 38*i + 7548 = 50*i. Calculate the remainder when i is divided by a.
4
Calculate the remainder when -31 + 73 + 8/(-1) is divided by 8.
2
Suppose r + 3*r - 16 = 0. Let z(c) = 153*c**3 + c**2 - 2*c + 2. Let f be z(1). Suppose 3*h - f = -r*h. Calculate the remainder when 79 is divided by h.
13
Suppose 2*p - 7135 = 3*r, -5*p + 0*p + 17875 = 5*r. Suppose 26*o - p = -192. What is the remainder when o is divided by 33?
31
Let j = -147 + 152. Suppose b + 284 = j*b. What is the remainder when b is divided by 6?
5
Let h(d) = -2*d - 48. Let n be h(-23). Let q be 1/n*(4 - -2). What is the remainder when -76*4/(-8)*(3 - q) is divided by 46?
44
Let d(z) = 24*z**2 - 290*z - 582. What is the remainder when 12123 is divided by d(-2)?
91
Suppose 6*n - 813 - 687 = 0. Let x = n - 85. What is the remainder when x is divided by 7?
4
Suppose 33*r = 7*r - 416. What is the remainder when (-288)/(-15) + 4 - r/20 is divided by 9?
6
Let x = -1737 + 2244. Calculate the remainder when x is divided by 85.
82
Suppose 4*q = -i + 69, -64*q - 11 = -65*q + i. What is the remainder when 125 is divided by q?
13
Suppose -267*k + 6184810 = 88*k. Calculate the remainder when k is divided by 16.
14
Suppose -17 - 31 = 16*o. What is the remainder when 25 is divided by -2 + 3 - o*(-14)/(-3)?
10
Suppose -841 = -15*t - 106. Let v(m) = -m**3 - 7*m**2 - m + 7. Let q be v(-6). Let u = 33 + q. What is the remainder when t is divided by u?
9
Suppose 0 = -39*m + 33*m - 870. What is the remainder when -3 - (m - (-12 + 3)) is divided by 46?
41
Let n(m) = -m**2 + 13*m + 33. Let k be n(15). Suppose -z = -r - 12, 4*z + 2*r = k*z + 3. Let y = 116 - 63. Calculate the remainder when y is divided by z.
8
Suppose 5*w + c - 67 = -2, -5*w = -c - 55. What is the remainder when 19 is divided by 1/(3/43) - (-8)/w?
4
Let x(r) = r**2 - 30*r - 22. Let i be x(-10). Suppose i = -4*g + 10*g. Calculate the remainder when g is divided by 32/(-2)*(-3 + 2).
15
Let l = -24435 - -24685. What is the remainder when 1311 is divided by l?
61
Let r be (-18)/72 - (-1)/((-4)/59). Suppose 3*g = 4*a - 108, 2*g = 3*a + 4*g - 81. What is the remainder when r/18 + (-1618)/(-12) is divided by a?
26
What is the remainder when 887 is divided by -267*(380/(-30) - -12)?
175
Let w(l) = -15*l + 2. Let u be w(-1). Let x = u + 28. Let f = x - 42. Calculate the remainder when 3 is divided by f.
0
Let b(k) be the first derivative of -k**4/4 + 18. Calculate the remainder when 190 is divided by b(-4).
62
Suppose 28 = -11*o + 13*o. Calculate the remainder when 137 is divided by 2 - 24/o - 17080/(-245).
67
Let t(f) = 4*f**2 - 742*f - 4403. Calculate the remainder when 7718 is divided by t(-6).
191
Let m = 705 + 138. Let q = m + -400. What is the remainder when q is divided by 37?
36
Let b be 70/22 - (0 + 4/22). Let x be (-759)/22*(-2)/b. Suppose 0 = -2*d + x - 5. What is the remainder when 35 is divided by d?
8
Let v = -135 + 142. Suppose -8*c + 7*c - 5*q + v = 0, 2*c + 5*q = 29. What is the remainder when 32 is divided by c?
10
Let a be (5 - (-6)/(-2))*(0 + 1). Let r be a*(75/70 - (-4)/(-7)). Suppose 4*d - n - 20 = 0, -2*d - 5 = 3*n - r. Calculate the remainder when 81 is divided by d.
1
Let f(x) = x**3 + 9*x**2 + 17*x + 9. Let s be f(-6). Calculate the remainder when (-135)/15 + s + (0 - -115) is divided by 48.
25
What is the remainder when -36 + 67176/270 + 1/5*1 is divided by 40?
13
Calculate the remainder when 644 is divided by 15 - ((-15)/1 + 12).
14
Suppose -j = 5, 2*t - 4*j - 754 = -168. Suppose 10*c - 5*c - 3*g = 280, g = -5*c + 300. Calculate the remainder when t is divided by c.
47
Let p(o) = -1389*o - 108207. Calculate the remainder when p(-78) is divided by 13 - (0 - -1) - -1.
5
Let p = -2 - -7. Suppose -p*o + 8 + 17 = 0. Suppose 0 = -6*j + 3*j - 5*h + 27, -2*h - 18 = -2*j. What is the remainder when j is divided by o?
4
Let c be (-12)/(-9)*-818*9/(-24). Let g = c - 200. What is the remainder when g is divided by 14?
13
Let h = -574 + 824. Let r = h + -223. What is the remainder when 34 is divided by r?
7
Suppose -5*i - 2*u + 148 = -6*u, i = 3*u + 23. Suppose -i = -2*z + 92. Let w = z - 39. What is the remainder when 90 is divided by w?
21
Let m(a) = 25*a - 1057. What is the remainder when m(57) is divided by ((-8)/8)/(1/3) + 77?
72
Suppose -152 = -13*g + 56. Let b = 132 + -89. What is the remainder when b is divided by g?
11
Let s(x) = 10*x + 380. Let r be s(-36). Suppose 3*z = 2*b - 38, -3*b - r = -4*z - 75. Suppose -g = -0*g - 75. What is the remainder when g is divided by b?
10
Suppose 2*n + 4*h = 282, -345 = -5*n - 3*h + 360. Suppose -5*x - 16 = -n. What is the remainder when 109 is divided by x?
9
Suppose 1816*z = 8833 + 370711. Let a(i) = 3*i**2 - 6*i - 4. Calculate the remainder when z is divided by a(-4).
5
Let k(w) = -9*w + 5. Suppose -2*l - 3*l = 3*i + 16, 5*l + 8 = i. What is the remainder when 848 is divided by k(l)?
20
Let d = -545 + 62. Suppose 3441 - 4161 = -60*b. Calculate the remainder when 1/(-4) - d/12 is divided by b.
4
Suppose 2*j - 64 = 530. Suppose -4*z + 5*u + j = 0, 3*u + 215 = 5*z - 166. Let d = -205 - -227. What is the remainder when z is divided by d?
12
Let p = 31282 + -22035. What is the remainder when p is divided by 125?
122
Suppose -101*i = -33*i - 2652. What is the remainder when 128 is divided by i?
11
Suppose 3*r - 305 = -5*j + 5, -3*r - 162 = -3*j. Suppose 5*n - 61 = j. Calculate the remainder when 142 is divided by n.
22
Let r(h) = h**2 + h - 20. Let n be r(4). Suppose 23*b - 11*b - 96 = n. What is the remainder when 0 - (0 - 1) - -11 is divided by b?
4
Suppose -5*v + 183 = 3*y, 2*v = -2*y + 3*v + 122. Let k be (-2 + 11)/((-5)/((-70)/(-3))). Let t = y + k. What is the remainder when t is divided by 12?
7
What is the remainder when (-16)/(-3)*(1290/40 - 9) is divided by 26?
20
Let x(u) = 22*u**2 + 41*u - 1. What is the remainder when x(-18) is divided 